{"id":451,"date":"2024-05-05T14:46:56","date_gmt":"2024-05-05T12:46:56","guid":{"rendered":"https:\/\/lacabaneauxmilleet1couleursgmail.com\/?page_id=451"},"modified":"2024-06-08T20:06:50","modified_gmt":"2024-06-08T18:06:50","slug":"nos-missions","status":"publish","type":"page","link":"https:\/\/lacabaneauxmilleet1couleurs.fr\/index.php\/nos-missions\/","title":{"rendered":"Nos Missions"},"content":{"rendered":"\n<p>La Cabane aux 1000 et 1 couleurs a pour vocation d\u2019accompagner les familles autour de la parentalit\u00e9. C\u2019est une association qui propose informations, conseils et soutiens aux familles qui en ressentent le besoin.<\/p>\n\n\n<div class=\"wp-block-image\">\n<figure class=\"aligncenter size-large is-resized\"><img fetchpriority=\"high\" decoding=\"async\" width=\"1600\" height=\"900\" src=\"https:\/\/lacabaneauxmilleet1couleursgmail.com\/wp-content\/uploads\/2024\/06\/447671017_421710167497430_1265848285999297770_n-edited.jpg\" alt=\"\" class=\"wp-image-598\" style=\"width:340px;height:auto\" srcset=\"https:\/\/lacabaneauxmilleet1couleurs.fr\/wp-content\/uploads\/2024\/06\/447671017_421710167497430_1265848285999297770_n-edited.jpg 1600w, https:\/\/lacabaneauxmilleet1couleurs.fr\/wp-content\/uploads\/2024\/06\/447671017_421710167497430_1265848285999297770_n-edited-300x169.jpg 300w, https:\/\/lacabaneauxmilleet1couleurs.fr\/wp-content\/uploads\/2024\/06\/447671017_421710167497430_1265848285999297770_n-edited-1024x576.jpg 1024w, https:\/\/lacabaneauxmilleet1couleurs.fr\/wp-content\/uploads\/2024\/06\/447671017_421710167497430_1265848285999297770_n-edited-768x432.jpg 768w, https:\/\/lacabaneauxmilleet1couleurs.fr\/wp-content\/uploads\/2024\/06\/447671017_421710167497430_1265848285999297770_n-edited-1536x864.jpg 1536w, https:\/\/lacabaneauxmilleet1couleurs.fr\/wp-content\/uploads\/2024\/06\/447671017_421710167497430_1265848285999297770_n-edited-800x450.jpg 800w\" sizes=\"(max-width: 1600px) 100vw, 1600px\" \/><\/figure>\n<\/div>\n\n\n<p>L\u2019association a pour objet&nbsp;:&nbsp;<\/p>\n\n\n\n<ul class=\"wp-block-list\">\n<li>Soutien \u00e0 la parentalit\u00e9 (\u00eatre \u00e0 l\u2019\u00e9coute, conseiller, apporter un \u00e9clairage, un avis\u2026),&nbsp;<\/li>\n\n\n\n<li>Accompagnement des familles (parentalit\u00e9, sant\u00e9, scolarit\u00e9, administratif type d\u00e9marches face \u00e0 un handicap, favoriser des moments privil\u00e9gi\u00e9s entre les parents et leurs enfants \u2026)<\/li>\n\n\n\n<li>Information et sensibilisation autour des sujets de la parentalit\u00e9 et du d\u00e9veloppement de l\u2019enfant, autant ordinaire qu\u2019en situation de handicap<\/li>\n\n\n\n<li>Rendre acteur et autonome les parents dans le projet de vie de leur enfant, dans son d\u00e9veloppement comme dans ses besoins particuliers<\/li>\n\n\n\n<li>Orienter vers un relai adapt\u00e9 aux besoins des familles<\/li>\n<\/ul>\n\n\n\n<p><strong><em>Moyens&nbsp;:<\/em><\/strong><\/p>\n\n\n\n<p>&#8211; messagerie gratuite (r\u00e9ponse de 9h \u00e0 18h), rendez vous individuel, \u00e9change durant les ateliers. L\u2019\u00e9quipe peut \u00e9galement intervenir \u00e0 domicile afin d\u2019accompagner les familles qui en ressentent le besoin (\u00e9valuation, observations, adaptation de l\u2019environnement, mise en place d\u2019outils \u00e9ducatifs, gestion de la frustration, cadre\u2026).<\/p>\n\n\n<div class=\"wp-block-image\">\n<figure class=\"alignleft size-large is-resized\"><img decoding=\"async\" width=\"768\" height=\"1024\" src=\"https:\/\/lacabaneauxmilleet1couleursgmail.com\/wp-content\/uploads\/2024\/06\/floutee-440751917_3698346830494070_1546948753217413117_n-768x1024.jpg\" alt=\"\" class=\"wp-image-595\" style=\"width:211px;height:auto\" srcset=\"https:\/\/lacabaneauxmilleet1couleurs.fr\/wp-content\/uploads\/2024\/06\/floutee-440751917_3698346830494070_1546948753217413117_n-768x1024.jpg 768w, https:\/\/lacabaneauxmilleet1couleurs.fr\/wp-content\/uploads\/2024\/06\/floutee-440751917_3698346830494070_1546948753217413117_n-225x300.jpg 225w, https:\/\/lacabaneauxmilleet1couleurs.fr\/wp-content\/uploads\/2024\/06\/floutee-440751917_3698346830494070_1546948753217413117_n-1152x1536.jpg 1152w, https:\/\/lacabaneauxmilleet1couleurs.fr\/wp-content\/uploads\/2024\/06\/floutee-440751917_3698346830494070_1546948753217413117_n.jpg 1512w\" sizes=\"(max-width: 768px) 100vw, 768px\" \/><\/figure>\n<\/div>\n\n\n<p>&#8211; site internet, r\u00e9seaux sociaux&nbsp;: une page facebook et un site internet sont r\u00e9guli\u00e8rement mis \u00e0 jour afin de mettre \u00e0 disposition des informations relatives au d\u00e9veloppement de l\u2019enfant, \u00e0 la sant\u00e9, \u00e0 l\u2019\u00e9ducation, \u00e0 la scolarit\u00e9, au monde du handicap\u2026 l\u2019\u00e9quipe montre \u00e9galement diff\u00e9rents jeux pouvant \u00eatre r\u00e9alis\u00e9 \u00e0 la maison.<\/p>\n\n\n\n<p>&#8211; atelier La cabane aux 1000 et 1 couleurs le samedi matin, temps ludique et convivial&nbsp;: proposer des activit\u00e9s ludiques et stimulantes, dans la simplicit\u00e9, afin d&rsquo;accompagner les parents dans le jouer ensemble, jouer seul, avec des jeux adapt\u00e9s \u00e0 chaque \u00e2ge, pour rassurer, se sentir moins seuls, \u00eatre conseill\u00e9, relativiser sur le quotidien&#8230; dans un cadre peu formel.<\/p>\n\n\n\n<p>&#8211; organisation de conf\u00e9rence interactive, de formation, sensibilisation dans le monde scolaire, de l\u2019entreprise\u2026&nbsp;: les membres de la commission sont form\u00e9s r\u00e9guli\u00e8rement et se doivent de se tenir \u00e0 jour (cadre l\u00e9gislation, recherche scientifique, recommandations, d\u00e9veloppement d\u2019id\u00e9es,\u2026).&nbsp; L\u2019association pourra \u00e9galement proposer des formations pour ses intervenants.<\/p>\n\n\n\n<p><\/p>\n\n\n\n<p>L\u2019ensemble de ces actions ne se substitut pas&nbsp;:<\/p>\n\n\n\n<ul class=\"wp-block-list\">\n<li>aux suivis th\u00e9rapeutiques de l\u2019enfant<\/li>\n\n\n\n<li>Aux services d\u2019urgence (pompier, gendarme, SOS m\u00e9decin\u2026)<\/li>\n\n\n\n<li>A un accompagnement psychologique des parents<\/li>\n<\/ul>\n\n\n\n<p>pouvant \u00eatre n\u00e9cessaires au r\u00e8glement d\u2019une probl\u00e9matique rencontr\u00e9e par les familles.&nbsp;<\/p>\n","protected":false},"excerpt":{"rendered":"<p>La Cabane aux 1000 et 1 couleurs a pour vocation d\u2019accompagner les familles autour de la parentalit\u00e9. C\u2019est une association qui propose informations, conseils et soutiens aux familles qui en ressentent le besoin. L\u2019association a pour objet&nbsp;:&nbsp; Moyens&nbsp;: &#8211; messagerie gratuite (r\u00e9ponse de 9h \u00e0 18h), rendez vous individuel, \u00e9change durant les ateliers. L\u2019\u00e9quipe peut [&hellip;]<\/p>\n","protected":false},"author":1,"featured_media":0,"parent":0,"menu_order":0,"comment_status":"closed","ping_status":"closed","template":"","meta":{"ocean_post_layout":"","ocean_both_sidebars_style":"","ocean_both_sidebars_content_width":0,"ocean_both_sidebars_sidebars_width":0,"ocean_sidebar":"","ocean_second_sidebar":"","ocean_disable_margins":"enable","ocean_add_body_class":"","ocean_shortcode_before_top_bar":"","ocean_shortcode_after_top_bar":"","ocean_shortcode_before_header":"","ocean_shortcode_after_header":"","ocean_has_shortcode":"","ocean_shortcode_after_title":"","ocean_shortcode_before_footer_widgets":"","ocean_shortcode_after_footer_widgets":"","ocean_shortcode_before_footer_bottom":"","ocean_shortcode_after_footer_bottom":"","ocean_display_top_bar":"default","ocean_display_header":"default","ocean_header_style":"","ocean_center_header_left_menu":"","ocean_custom_header_template":"","ocean_custom_logo":0,"ocean_custom_retina_logo":0,"ocean_custom_logo_max_width":0,"ocean_custom_logo_tablet_max_width":0,"ocean_custom_logo_mobile_max_width":0,"ocean_custom_logo_max_height":0,"ocean_custom_logo_tablet_max_height":0,"ocean_custom_logo_mobile_max_height":0,"ocean_header_custom_menu":"","ocean_menu_typo_font_family":"","ocean_menu_typo_font_subset":"","ocean_menu_typo_font_size":0,"ocean_menu_typo_font_size_tablet":0,"ocean_menu_typo_font_size_mobile":0,"ocean_menu_typo_font_size_unit":"px","ocean_menu_typo_font_weight":"","ocean_menu_typo_font_weight_tablet":"","ocean_menu_typo_font_weight_mobile":"","ocean_menu_typo_transform":"","ocean_menu_typo_transform_tablet":"","ocean_menu_typo_transform_mobile":"","ocean_menu_typo_line_height":0,"ocean_menu_typo_line_height_tablet":0,"ocean_menu_typo_line_height_mobile":0,"ocean_menu_typo_line_height_unit":"","ocean_menu_typo_spacing":0,"ocean_menu_typo_spacing_tablet":0,"ocean_menu_typo_spacing_mobile":0,"ocean_menu_typo_spacing_unit":"","ocean_menu_link_color":"","ocean_menu_link_color_hover":"","ocean_menu_link_color_active":"","ocean_menu_link_background":"","ocean_menu_link_hover_background":"","ocean_menu_link_active_background":"","ocean_menu_social_links_bg":"","ocean_menu_social_hover_links_bg":"","ocean_menu_social_links_color":"","ocean_menu_social_hover_links_color":"","ocean_disable_title":"default","ocean_disable_heading":"default","ocean_post_title":"","ocean_post_subheading":"","ocean_post_title_style":"","ocean_post_title_background_color":"","ocean_post_title_background":0,"ocean_post_title_bg_image_position":"","ocean_post_title_bg_image_attachment":"","ocean_post_title_bg_image_repeat":"","ocean_post_title_bg_image_size":"","ocean_post_title_height":0,"ocean_post_title_bg_overlay":0.5,"ocean_post_title_bg_overlay_color":"","ocean_disable_breadcrumbs":"default","ocean_breadcrumbs_color":"","ocean_breadcrumbs_separator_color":"","ocean_breadcrumbs_links_color":"","ocean_breadcrumbs_links_hover_color":"","ocean_display_footer_widgets":"default","ocean_display_footer_bottom":"default","ocean_custom_footer_template":"","footnotes":""},"class_list":["post-451","page","type-page","status-publish","hentry","entry"],"_links":{"self":[{"href":"https:\/\/lacabaneauxmilleet1couleurs.fr\/index.php\/wp-json\/wp\/v2\/pages\/451","targetHints":{"allow":["GET"]}}],"collection":[{"href":"https:\/\/lacabaneauxmilleet1couleurs.fr\/index.php\/wp-json\/wp\/v2\/pages"}],"about":[{"href":"https:\/\/lacabaneauxmilleet1couleurs.fr\/index.php\/wp-json\/wp\/v2\/types\/page"}],"author":[{"embeddable":true,"href":"https:\/\/lacabaneauxmilleet1couleurs.fr\/index.php\/wp-json\/wp\/v2\/users\/1"}],"replies":[{"embeddable":true,"href":"https:\/\/lacabaneauxmilleet1couleurs.fr\/index.php\/wp-json\/wp\/v2\/comments?post=451"}],"version-history":[{"count":3,"href":"https:\/\/lacabaneauxmilleet1couleurs.fr\/index.php\/wp-json\/wp\/v2\/pages\/451\/revisions"}],"predecessor-version":[{"id":599,"href":"https:\/\/lacabaneauxmilleet1couleurs.fr\/index.php\/wp-json\/wp\/v2\/pages\/451\/revisions\/599"}],"wp:attachment":[{"href":"https:\/\/lacabaneauxmilleet1couleurs.fr\/index.php\/wp-json\/wp\/v2\/media?parent=451"}],"curies":[{"name":"wp","href":"https:\/\/api.w.org\/{rel}","templated":true}]}}