{"id":1138,"date":"2025-04-21T18:10:53","date_gmt":"2025-04-21T16:10:53","guid":{"rendered":"https:\/\/lacabaneauxmilleet1couleurs.fr\/?page_id=1138"},"modified":"2025-04-30T08:31:15","modified_gmt":"2025-04-30T06:31:15","slug":"mdph-comprendre-les-demarches-pour-accompagner-mon-enfant","status":"publish","type":"page","link":"https:\/\/lacabaneauxmilleet1couleurs.fr\/index.php\/mdph-comprendre-les-demarches-pour-accompagner-mon-enfant\/","title":{"rendered":"MDPH\u00a0: COMPRENDRE LES DEMARCHES POUR ACCOMPAGNER MON ENFANT"},"content":{"rendered":"\n<p>Cet article est une br\u00e8ve pr\u00e9sentation de la MDPH et de ses missions. Des liens vous seront propos\u00e9s tout au long de l\u2019article pour approfondir certaines notions. L\u2019objectif est de faciliter la lecture et vous permettre d\u2019aller \u00e0 l\u2019essentiel selon vos besoins.<\/p>\n\n\n<div class=\"wp-block-image\">\n<figure class=\"aligncenter size-full is-resized\"><img fetchpriority=\"high\" decoding=\"async\" width=\"343\" height=\"147\" src=\"https:\/\/lacabaneauxmilleet1couleurs.fr\/wp-content\/uploads\/2025\/04\/telechargement.png\" alt=\"\" class=\"wp-image-1139\" style=\"width:482px;height:auto\" srcset=\"https:\/\/lacabaneauxmilleet1couleurs.fr\/wp-content\/uploads\/2025\/04\/telechargement.png 343w, https:\/\/lacabaneauxmilleet1couleurs.fr\/wp-content\/uploads\/2025\/04\/telechargement-300x129.png 300w\" sizes=\"(max-width: 343px) 100vw, 343px\" \/><\/figure>\n<\/div>\n\n\n<p>Les MDPH, ou maisons d\u00e9partementales des personnes en situation de handicap, ont pour mission de faciliter l\u2019acc\u00e8s aux droits et prestations pour les personnes handicap\u00e9es (enfants comme adultes).<\/p>\n\n\n\n<p>On en trouve dans chaque d\u00e9partement, ce qui demande de transf\u00e9rer le dossier en cas de d\u00e9m\u00e9nagement.<\/p>\n\n\n\n<p>Les MDPH proposent des services comme&nbsp;:<\/p>\n\n\n\n<ul class=\"wp-block-list\">\n<li>Informer et conseiller les personnes en situation de handicap<\/li>\n\n\n\n<li>Assurer l\u2019organisation et le fonctionnement des \u00e9quipes pluridisciplinaires d\u2019\u00e9valuation<\/li>\n\n\n\n<li>Organiser les <a href=\"https:\/\/lacabaneauxmilleet1couleurs.fr\/index.php\/commissions-des-droits-et-de-lautonomie-des-personnes-handicapees-cdaph\/\" data-type=\"page\" data-id=\"1148\">commissions des droits et de l\u2019autonomie des personnes handicap\u00e9es (CDAPH)<\/a><\/li>\n\n\n\n<li>Assurer la mise en \u0153uvre des d\u00e9cisions prises par la CDAPH<\/li>\n\n\n\n<li>Organiser des actions de coordination avec les autres dispositifs sanitaires et m\u00e9dico-sociaux<\/li>\n\n\n\n<li>Recueillir et transmettre au niveau national les donn\u00e9es relatives \u00e0 l\u2019action d\u00e9partementale.<\/li>\n<\/ul>\n\n\n\n<p>La MDPH va donc \u00e9valuer le taux de handicap de la personne , l\u2019informer de ses droits et des services accessibles par rapport \u00e0 ses besoins et suivre l\u2019\u00e9volution du quotidien de la personne sur tous les plans (familiaux, scolaires, professionnels, m\u00e9dicaux\u2026).<\/p>\n\n\n\n<p>.<\/p>\n\n\n\n<ul class=\"wp-block-list\">\n<li class=\"has-medium-font-size\"><strong>Pourquoi faire une demande \u00e0 la MDPH&nbsp;?<\/strong><\/li>\n<\/ul>\n\n\n\n<p>L\u2019ouverture d\u2019un dossier MDPH peut se faire pour plusieurs raisons&nbsp;:<\/p>\n\n\n<div class=\"wp-block-image\">\n<figure class=\"alignleft size-full is-resized\"><img decoding=\"async\" width=\"480\" height=\"360\" src=\"https:\/\/lacabaneauxmilleet1couleurs.fr\/wp-content\/uploads\/2025\/04\/Missions_MDPH.png\" alt=\"\" class=\"wp-image-1140\" style=\"width:353px;height:auto\" srcset=\"https:\/\/lacabaneauxmilleet1couleurs.fr\/wp-content\/uploads\/2025\/04\/Missions_MDPH.png 480w, https:\/\/lacabaneauxmilleet1couleurs.fr\/wp-content\/uploads\/2025\/04\/Missions_MDPH-300x225.png 300w\" sizes=\"(max-width: 480px) 100vw, 480px\" \/><\/figure>\n<\/div>\n\n\n<ul class=\"wp-block-list\">\n<li>Reconnaissance d\u2019un handicap (par l\u2019\u00e9cole par exemple)<\/li>\n\n\n\n<li>Orientation vers un \u00e9tablissement ou service m\u00e9dico-social&nbsp;: SESSAD, IME, ULIS, ITEP\u2026<\/li>\n\n\n\n<li><a href=\"https:\/\/lacabaneauxmilleet1couleurs.fr\/index.php\/les-aides-financieres\/\">Obtention d\u2019une compensation financi\u00e8re&nbsp;<\/a><\/li>\n\n\n\n<li>Reconnaissance de la qualit\u00e9 de travailleur handicap\u00e9<\/li>\n\n\n\n<li>Obtention d\u2019une carte d\u2019invalidit\u00e9\/ de priorit\u00e9\/ de stationnement<\/li>\n\n\n\n<li>Mise en place d\u2019un accompagnant d\u2019\u00e9l\u00e8ve en situation de handicap (AESH)<\/li>\n<\/ul>\n\n\n\n<p>Suite \u00e0 l\u2019\u00e9valuation du handicap, des besoins et du projet de vie de la personne, la MDPH va ouvrir des droits pour r\u00e9pondre \u00e0 ces objectifs. Attention&nbsp;: le taux de handicap est bien \u00e9valu\u00e9 en fonction des r\u00e9percussions au quotidien (exemple&nbsp;: difficult\u00e9 \u00e0 \u00e9crire vite^) et non en fonction d\u2019un diagnostic (dysgraphie). Chaque situation est unique, avec un m\u00eame diagnostic, les besoins ne seront pas les m\u00eame selon le projet de vie de la personne en situation de handicap (par exemple, si un enfant est en cursus ordinaire ou en Ulis).<\/p>\n\n\n\n<ul class=\"wp-block-list\">\n<li class=\"has-medium-font-size\"><strong>Comment faire une demande&nbsp;?<\/strong><\/li>\n<\/ul>\n\n\n\n<p>Il s\u2019agit de remplir un formulaire (cerfa) disponible uniquement en fran\u00e7ais. La d\u00e9marche est gratuite et peut se faire de deux fa\u00e7ons&nbsp;:<\/p>\n\n\n\n<p>En dossier papier, que vous pouvez t\u00e9l\u00e9charger via ce lien&nbsp;:<\/p>\n\n\n\n<p><a href=\"https:\/\/www.service-public.fr\/particuliers\/vosdroits\/R19993#:~:text=(Formulaire%2015692*01),-Cerfa%2015692*01&amp;text=Ce%20formulaire%20permet%20de%20demander,La%20d%C3%A9marche%20est%20gratuite.\">https:\/\/www.service-public.fr\/particuliers\/vosdroits\/R19993#:~:text=(Formulaire%2015692*01),-Cerfa%2015692*01&amp;text=Ce%20formulaire%20permet%20de%20demander,La%20d%C3%A9marche%20est%20gratuite.<\/a><\/p>\n\n\n\n<p>Il est alors conseill\u00e9 de faire une copie des documents pour les renouvellements.<\/p>\n\n\n\n<p>En version num\u00e9rique, via ce lien&nbsp;:<\/p>\n\n\n\n<p><a href=\"https:\/\/mdphenligne.cnsa.fr\">https:\/\/mdphenligne.cnsa.fr<\/a><\/p>\n\n\n<div class=\"wp-block-image\">\n<figure class=\"alignright size-full is-resized\"><img decoding=\"async\" width=\"294\" height=\"171\" src=\"https:\/\/lacabaneauxmilleet1couleurs.fr\/wp-content\/uploads\/2025\/04\/telechargement-1.jpg\" alt=\"\" class=\"wp-image-1141\" style=\"width:272px;height:auto\"\/><\/figure>\n<\/div>\n\n\n<p>La d\u00e9marche en ligne permet d\u2019\u00e9viter la perte des documents et de transf\u00e9rer facilement les dossiers en cas de&nbsp; d\u00e9m\u00e9nagement..<\/p>\n\n\n\n<p>Un ensemble de <a href=\"https:\/\/lacabaneauxmilleet1couleurs.fr\/index.php\/pieces-a-fournir-pour-remplir-le-dossier-mdph\/\" data-type=\"link\" data-id=\"https:\/\/lacabaneauxmilleet1couleurs.fr\/index.php\/pieces-a-fournir-pour-remplir-le-dossier-mdph\/\">documents<\/a> vous sera demand\u00e9.<\/p>\n\n\n\n<p>En cas de barri\u00e8re de la langue ou de difficult\u00e9s, n\u2019h\u00e9sitez pas \u00e0 prendre contact avec la MDPH de votre d\u00e9partement ou des associations sp\u00e9cialis\u00e9es. Ils peuvent vous conseiller, vous aider \u00e0 remplir, ou encore mettre \u00e0 disposition un traducteur.<\/p>\n\n\n\n<p>En Loire atlantique, l\u2019association ASAMLA a pour mission de rendre accessible les d\u00e9marches li\u00e9es aux droits des personnes migrantes. Attention, ce genre d\u2019organisme agit de mani\u00e8re b\u00e9n\u00e9vole, est tr\u00e8s demand\u00e9 ce qui entraine des d\u00e9lais assez longs pour obtenir leur aide.<\/p>\n\n\n\n<ul class=\"wp-block-list\">\n<li class=\"has-medium-font-size\"><strong>O\u00f9 envoyer le dossier&nbsp;?<\/strong><\/li>\n<\/ul>\n\n\n\n<p>&nbsp;Le dossier papier doit \u00eatre d\u00e9poser aupr\u00e8s de la MDPH du d\u00e9partement de son lieu de r\u00e9sidence. Vous recevrez un accus\u00e9 de r\u00e9ception.<\/p>\n\n\n\n<p>La MDPH transmet par la suite les documents aux organismes concern\u00e9s&nbsp;:<\/p>\n\n\n\n<ul class=\"wp-block-list\">\n<li>CAF<\/li>\n\n\n\n<li>MSA<\/li>\n\n\n\n<li>Conseil d\u00e9partemental<\/li>\n\n\n\n<li>\u2026<\/li>\n<\/ul>\n\n\n\n<ul class=\"wp-block-list\">\n<li class=\"has-medium-font-size\"><strong>D\u00e9lais et traitement du dossier<\/strong><\/li>\n<\/ul>\n\n\n\n<p>Le traitement d\u2019un dossier prend du temps, il est donc conseill\u00e9 d\u2019anticiper (dans l\u2019id\u00e9al avant le 15 f\u00e9vrier). Officiellement, la MDPH dispose d&rsquo;un d\u00e9lai de&nbsp;4 \u00e0 6 mois&nbsp;pour traiter les demandes, dur\u00e9e commen\u00e7ant \u00e0 partir du moment o\u00f9 le dossier est jug\u00e9 complet. Ce d\u00e9lai commence \u00e0 courir \u00e0 partir de la date \u00e0 laquelle le dossier est jug\u00e9 complet. En r\u00e9alit\u00e9, vous pouvez recevoir une r\u00e9ponse plus tardivement. Il est possible de demander une r\u00e9troactivit\u00e9 des aides financi\u00e8res. Si les d\u00e9lais sont aussi longs, c\u2019est parce que la MDPH traite chaque dossier individuellement au cours d\u2019une commission rassemblant un ensemble de professionnels. Ils \u00e9valueront le<a href=\"https:\/\/lacabaneauxmilleet1couleurs.fr\/index.php\/calcul-du-taux-de-handicap\/\"> taux de handicap <\/a>au quotidien et devront statuer sur les aides&nbsp; pouvant vous \u00eatre apport\u00e9es. Chaque type d\u2019aide requiert une commission sp\u00e9cialis\u00e9e (am\u00e9nagement p\u00e9dagogique comme AESH, ordinateur\/ aides financi\u00e8res \/ adaptation du domicile\u2026).<\/p>\n\n\n\n<p>Pour un renouvellement de dossier, il est conseill\u00e9 d\u2019anticiper 6 mois avant la date de fin des droits pour \u00e9viter une interruption. Le dossier sera transmis \u00e0 l\u2019\u00e9quipe pluridisciplinaire charg\u00e9e de l\u2019\u00e9valuation, pour que les propositions de r\u00e9ponses soient ensuite valid\u00e9es par la <a href=\"https:\/\/lacabaneauxmilleet1couleurs.fr\/index.php\/commissions-des-droits-et-de-lautonomie-des-personnes-handicapees-cdaph\/\">CDAPH<\/a>. L\u2019\u00e9quipe pluridisciplinaire va \u00e9valuer les besoins de compensation au handicap en prenant en compte les souhaits de la personne, sa situation personnelle globale<\/p>\n\n\n<div class=\"wp-block-image\">\n<figure class=\"alignleft size-full is-resized\"><img loading=\"lazy\" decoding=\"async\" width=\"259\" height=\"194\" src=\"https:\/\/lacabaneauxmilleet1couleurs.fr\/wp-content\/uploads\/2025\/04\/telechargement3.jpg\" alt=\"\" class=\"wp-image-1142\" style=\"width:276px;height:auto\"\/><\/figure>\n<\/div>\n\n\n<p><\/p>\n\n\n\n<p>La MDPH travaille \u00e0 am\u00e9liorer ses d\u00e9lais de traitement de dossier. Officiellement, la MDPH a 4 mois pour vous donner une r\u00e9ponse, pass\u00e9 ce d\u00e9lai, la demande est consid\u00e9r\u00e9e comme rejet\u00e9e. N\u2019h\u00e9sitez pas \u00e0 contacter la MDPH lorsque le d\u00e9lai des 4 mois approche. Gardez bien la preuve de la date de d\u00e9p\u00f4t de dossier (r\u00e9ception de courriel, accus\u00e9 de r\u00e9ception ou remise en main propre)&nbsp;!<\/p>\n\n\n\n<p><\/p>\n\n\n\n<ul class=\"wp-block-list\">\n<li class=\"has-medium-font-size\"><strong>Que faire en cas de refus ou de d\u00e9cision insatisfaisante&nbsp;?<\/strong><\/li>\n<\/ul>\n\n\n\n<p>Lors d\u2019un rejet de dossier ou d\u2019une r\u00e9ponse insatisfaisante, un recours peut \u00eatre entreprit. Il n\u00e9cessite d\u2019apporter de nouvelles pi\u00e8ces au dossier&nbsp;: bilans m\u00e9dicaux suppl\u00e9mentaires, \u00e9valuation financi\u00e8re\u2026<\/p>\n\n\n\n<p>N\u2019h\u00e9sitez pas \u00e0 vous faire aider par des associations sp\u00e9cialis\u00e9es ou un avocat si n\u00e9cessaire.<\/p>\n\n\n\n<ul class=\"wp-block-list\">\n<li class=\"has-medium-font-size\"><strong>R\u00f4le de la guidance parentale dans ces d\u00e9marches<\/strong><\/li>\n<\/ul>\n\n\n\n<p>Notre association, La Cabane aux mille et 1 couleurs, propose un soutien \u00e9motionnel et pratique aux familles qui en ressentent le besoin. Les b\u00e9n\u00e9voles peuvent vous expliquer les d\u00e9marches, donner des conseils personnalis\u00e9s et vous aider dans vos d\u00e9marches (avec pour point d\u2019honneur de ne jamais faire \u00e0 votre place&nbsp;! votre situation, votre d\u00e9cision, nous sommes l\u00e0 pour vous soutenir).<\/p>\n\n\n\n<p>Nous pouvons \u00e9galement \u00e9changer avec vous pour une meilleure vision sur le long terme, les droits dont vous pourriez avoir besoin \u00e0 l\u2019avenir\u2026<\/p>\n","protected":false},"excerpt":{"rendered":"<p>Cet article est une br\u00e8ve pr\u00e9sentation de la MDPH et de ses missions. Des liens vous seront propos\u00e9s tout au long de l\u2019article pour approfondir certaines notions. L\u2019objectif est de faciliter la lecture et vous permettre d\u2019aller \u00e0 l\u2019essentiel selon vos besoins. Les MDPH, ou maisons d\u00e9partementales des personnes en situation de handicap, ont pour [&hellip;]<\/p>\n","protected":false},"author":1,"featured_media":1139,"parent":0,"menu_order":0,"comment_status":"closed","ping_status":"closed","template":"","meta":{"ocean_post_layout":"","ocean_both_sidebars_style":"","ocean_both_sidebars_content_width":0,"ocean_both_sidebars_sidebars_width":0,"ocean_sidebar":"","ocean_second_sidebar":"","ocean_disable_margins":"enable","ocean_add_body_class":"","ocean_shortcode_before_top_bar":"","ocean_shortcode_after_top_bar":"","ocean_shortcode_before_header":"","ocean_shortcode_after_header":"","ocean_has_shortcode":"","ocean_shortcode_after_title":"","ocean_shortcode_before_footer_widgets":"","ocean_shortcode_after_footer_widgets":"","ocean_shortcode_before_footer_bottom":"","ocean_shortcode_after_footer_bottom":"","ocean_display_top_bar":"default","ocean_display_header":"default","ocean_header_style":"","ocean_center_header_left_menu":"","ocean_custom_header_template":"","ocean_custom_logo":0,"ocean_custom_retina_logo":0,"ocean_custom_logo_max_width":0,"ocean_custom_logo_tablet_max_width":0,"ocean_custom_logo_mobile_max_width":0,"ocean_custom_logo_max_height":0,"ocean_custom_logo_tablet_max_height":0,"ocean_custom_logo_mobile_max_height":0,"ocean_header_custom_menu":"","ocean_menu_typo_font_family":"","ocean_menu_typo_font_subset":"","ocean_menu_typo_font_size":0,"ocean_menu_typo_font_size_tablet":0,"ocean_menu_typo_font_size_mobile":0,"ocean_menu_typo_font_size_unit":"px","ocean_menu_typo_font_weight":"","ocean_menu_typo_font_weight_tablet":"","ocean_menu_typo_font_weight_mobile":"","ocean_menu_typo_transform":"","ocean_menu_typo_transform_tablet":"","ocean_menu_typo_transform_mobile":"","ocean_menu_typo_line_height":0,"ocean_menu_typo_line_height_tablet":0,"ocean_menu_typo_line_height_mobile":0,"ocean_menu_typo_line_height_unit":"","ocean_menu_typo_spacing":0,"ocean_menu_typo_spacing_tablet":0,"ocean_menu_typo_spacing_mobile":0,"ocean_menu_typo_spacing_unit":"","ocean_menu_link_color":"","ocean_menu_link_color_hover":"","ocean_menu_link_color_active":"","ocean_menu_link_background":"","ocean_menu_link_hover_background":"","ocean_menu_link_active_background":"","ocean_menu_social_links_bg":"","ocean_menu_social_hover_links_bg":"","ocean_menu_social_links_color":"","ocean_menu_social_hover_links_color":"","ocean_disable_title":"default","ocean_disable_heading":"default","ocean_post_title":"","ocean_post_subheading":"","ocean_post_title_style":"","ocean_post_title_background_color":"","ocean_post_title_background":0,"ocean_post_title_bg_image_position":"","ocean_post_title_bg_image_attachment":"","ocean_post_title_bg_image_repeat":"","ocean_post_title_bg_image_size":"","ocean_post_title_height":0,"ocean_post_title_bg_overlay":0.5,"ocean_post_title_bg_overlay_color":"","ocean_disable_breadcrumbs":"default","ocean_breadcrumbs_color":"","ocean_breadcrumbs_separator_color":"","ocean_breadcrumbs_links_color":"","ocean_breadcrumbs_links_hover_color":"","ocean_display_footer_widgets":"default","ocean_display_footer_bottom":"default","ocean_custom_footer_template":"","footnotes":""},"class_list":["post-1138","page","type-page","status-publish","has-post-thumbnail","hentry","entry","has-media"],"_links":{"self":[{"href":"https:\/\/lacabaneauxmilleet1couleurs.fr\/index.php\/wp-json\/wp\/v2\/pages\/1138","targetHints":{"allow":["GET"]}}],"collection":[{"href":"https:\/\/lacabaneauxmilleet1couleurs.fr\/index.php\/wp-json\/wp\/v2\/pages"}],"about":[{"href":"https:\/\/lacabaneauxmilleet1couleurs.fr\/index.php\/wp-json\/wp\/v2\/types\/page"}],"author":[{"embeddable":true,"href":"https:\/\/lacabaneauxmilleet1couleurs.fr\/index.php\/wp-json\/wp\/v2\/users\/1"}],"replies":[{"embeddable":true,"href":"https:\/\/lacabaneauxmilleet1couleurs.fr\/index.php\/wp-json\/wp\/v2\/comments?post=1138"}],"version-history":[{"count":8,"href":"https:\/\/lacabaneauxmilleet1couleurs.fr\/index.php\/wp-json\/wp\/v2\/pages\/1138\/revisions"}],"predecessor-version":[{"id":1188,"href":"https:\/\/lacabaneauxmilleet1couleurs.fr\/index.php\/wp-json\/wp\/v2\/pages\/1138\/revisions\/1188"}],"wp:featuredmedia":[{"embeddable":true,"href":"https:\/\/lacabaneauxmilleet1couleurs.fr\/index.php\/wp-json\/wp\/v2\/media\/1139"}],"wp:attachment":[{"href":"https:\/\/lacabaneauxmilleet1couleurs.fr\/index.php\/wp-json\/wp\/v2\/media?parent=1138"}],"curies":[{"name":"wp","href":"https:\/\/api.w.org\/{rel}","templated":true}]}}